{"id":1088,"date":"2022-10-26T00:50:59","date_gmt":"2022-10-26T03:50:59","guid":{"rendered":"http:\/\/geodbone.com\/contenido\/?page_id=1088"},"modified":"2023-04-28T06:50:43","modified_gmt":"2023-04-28T10:50:43","slug":"logros","status":"publish","type":"page","link":"https:\/\/www.geodbone.com\/spa\/logros\/","title":{"rendered":"logros"},"content":{"rendered":"<h1><span style=\"font-size:50px; color:#ffffff\";>Logros<\/span><\/h1>\n<div><span style=\"font-size:21px; color:#ffffff\";><br \/>\nNuestro trabajo pretende ser una importante contribuci\u00f3n a los biomateriales que desempe\u00f1an un papel fundamental en la regeneraci\u00f3n \u00f3sea.<\/span><\/div>\n<h2>Fondos y mentor\u00edas<\/h2>\n<div>\n<h3>Hasta la fecha, nos hemos adjudicado los siguientes fondos y mentor\u00edas.<\/h3>\n<\/div>\n<p><img decoding=\"async\" src=\"\/spa\/wp-content\/uploads\/2023\/04\/FUNDS-1.svg\" alt=\"\"><\/p>\n<h2>Nivel de maduraci\u00f3n tecnol\u00f3gica<\/h2>\n<p><img decoding=\"async\" src=\"\/spa\/wp-content\/uploads\/2023\/04\/TRL-spa.svg\" alt=\"\"><\/p>\n<p><!--more--><br \/>\n<!-- {\"name\":\"Product Specs\",\"type\":\"layout\",\"children\":[{\"name\":\"Hero\",\"type\":\"section\",\"props\":{\"width\":\"default\",\"style\":\"default\",\"height\":\"percent\",\"image\":\"wp-content\\\/uploads\\\/2022\\\/11\\\/geodbone-achievements.jpg\",\"animation\":\"fade\",\"image_position\":\"center-center\",\"vertical_align\":\"middle\",\"title_position\":\"top-left\",\"title_rotation\":\"left\",\"title_breakpoint\":\"xl\",\"image_width\":\"2560\",\"image_loading\":true,\"image_height\":\"600\"},\"children\":[{\"name\":\"\",\"type\":\"row\",\"props\":{\"layout\":\"1-2,1-2\",\"vertical_align\":true,\"column_gap\":\"large\",\"row_gap\":\"large\"},\"children\":[{\"name\":\"\",\"type\":\"column\",\"props\":{\"image_position\":\"center-center\",\"media_overlay_gradient\":\"\",\"width_medium\":\"1-2\",\"position_sticky_breakpoint\":\"m\"},\"children\":[{\"name\":\"\",\"type\":\"headline\",\"props\":{\"title_element\":\"h1\",\"content\":\"<span style=\\\"font-size:50px; color:#ffffff\\\";>Logros<\\\/span>\",\"text_align\":\"left\",\"text_align_breakpoint\":\"m\",\"text_align_fallback\":\"left\",\"maxwidth\":\"xlarge\",\"margin_remove_top\":false}},{\"type\":\"text\",\"props\":{\"margin\":\"default\",\"column_breakpoint\":\"m\",\"content\":\"<span style=\\\"font-size:21px; color:#ffffff\\\";>    \\nNuestro trabajo pretende ser una importante contribuci\\u00f3n a los biomateriales que desempe\\u00f1an un papel fundamental en la regeneraci\\u00f3n \\u00f3sea.<\\\/span>\"}}]},{\"name\":\"\",\"type\":\"column\",\"props\":{\"image_position\":\"center-center\",\"media_overlay_gradient\":\"\",\"width_medium\":\"1-2\",\"position_sticky_breakpoint\":\"m\"}}]}]},{\"name\":\"Tagline\",\"type\":\"section\",\"props\":{\"image_size\":\"cover\",\"width\":\"small\",\"style\":\"default\",\"animation\":\"fade\",\"image_position\":\"center-center\",\"vertical_align\":\"middle\",\"title_position\":\"top-left\",\"title_rotation\":\"left\",\"title_breakpoint\":\"xl\"},\"children\":[{\"name\":\"\",\"type\":\"row\",\"children\":[{\"name\":\"\",\"type\":\"column\",\"props\":{\"image_position\":\"center-center\",\"media_overlay_gradient\":\"\",\"width_medium\":\"1-1\",\"position_sticky_breakpoint\":\"m\"},\"children\":[{\"name\":\"\",\"type\":\"headline\",\"props\":{\"title_element\":\"h2\",\"content\":\"Fondos y mentor\\u00edas\",\"text_align\":\"center\",\"title_style\":\"h1\"}},{\"name\":\"\",\"type\":\"text\",\"props\":{\"margin\":\"default\",\"text_align\":\"center\",\"column_breakpoint\":\"m\",\"content\":\"\n\n<h3>Hasta la fecha, nos hemos adjudicado los siguientes fondos y mentor\\u00edas.<\\\/h3>\",\"dropcap\":false}},{\"type\":\"image\",\"props\":{\"margin\":\"default\",\"image_svg_color\":\"emphasis\",\"image\":\"wp-content\\\/uploads\\\/2023\\\/04\\\/FUNDS-1.svg\"}}]}]}]},{\"name\":\"Tagline\",\"type\":\"section\",\"props\":{\"image_size\":\"cover\",\"width\":\"small\",\"padding\":\"large\",\"style\":\"muted\",\"animation\":\"fade\",\"image_position\":\"center-center\",\"vertical_align\":\"middle\",\"title_position\":\"top-left\",\"title_rotation\":\"left\",\"title_breakpoint\":\"xl\"},\"children\":[{\"name\":\"\",\"type\":\"row\",\"children\":[{\"name\":\"\",\"type\":\"column\",\"props\":{\"image_position\":\"center-center\",\"media_overlay_gradient\":\"\",\"width_medium\":\"1-1\",\"position_sticky_breakpoint\":\"m\"},\"children\":[{\"name\":\"\",\"type\":\"headline\",\"props\":{\"title_element\":\"h2\",\"content\":\"Nivel de maduraci\\u00f3n tecnol\\u00f3gica\",\"text_align\":\"center\",\"title_style\":\"h1\"}},{\"type\":\"image\",\"props\":{\"margin\":\"default\",\"image_svg_color\":\"emphasis\",\"image\":\"wp-content\\\/uploads\\\/2023\\\/04\\\/TRL-spa.svg\"}}]}]}]}],\"version\":\"3.0.6\"} --><\/p>\n","protected":false},"excerpt":{"rendered":"<p>Logros Nuestro trabajo pretende ser una importante contribuci\u00f3n a los biomateriales que desempe\u00f1an un papel fundamental en la regeneraci\u00f3n \u00f3sea. Fondos y mentor\u00edas Hasta la fecha, nos hemos adjudicado los siguientes fondos y mentor\u00edas. Nivel de maduraci\u00f3n tecnol\u00f3gica<\/p>\n","protected":false},"author":1,"featured_media":0,"parent":0,"menu_order":2,"comment_status":"closed","ping_status":"closed","template":"","meta":{"inline_featured_image":false,"footnotes":""},"class_list":["post-1088","page","type-page","status-publish","hentry"],"acf":[],"_links":{"self":[{"href":"https:\/\/www.geodbone.com\/spa\/wp-json\/wp\/v2\/pages\/1088","targetHints":{"allow":["GET"]}}],"collection":[{"href":"https:\/\/www.geodbone.com\/spa\/wp-json\/wp\/v2\/pages"}],"about":[{"href":"https:\/\/www.geodbone.com\/spa\/wp-json\/wp\/v2\/types\/page"}],"author":[{"embeddable":true,"href":"https:\/\/www.geodbone.com\/spa\/wp-json\/wp\/v2\/users\/1"}],"replies":[{"embeddable":true,"href":"https:\/\/www.geodbone.com\/spa\/wp-json\/wp\/v2\/comments?post=1088"}],"version-history":[{"count":19,"href":"https:\/\/www.geodbone.com\/spa\/wp-json\/wp\/v2\/pages\/1088\/revisions"}],"predecessor-version":[{"id":1655,"href":"https:\/\/www.geodbone.com\/spa\/wp-json\/wp\/v2\/pages\/1088\/revisions\/1655"}],"wp:attachment":[{"href":"https:\/\/www.geodbone.com\/spa\/wp-json\/wp\/v2\/media?parent=1088"}],"curies":[{"name":"wp","href":"https:\/\/api.w.org\/{rel}","templated":true}]}}